{"id":8069,"date":"2019-11-26T02:45:17","date_gmt":"2019-11-26T02:45:17","guid":{"rendered":"http:\/\/2fac.animaker.com.br\/?page_id=7727"},"modified":"2021-07-26T12:06:31","modified_gmt":"2021-07-26T15:06:31","slug":"historico-v2","status":"publish","type":"page","link":"https:\/\/ceafcampinas.animaker.com.br\/?page_id=8069","title":{"rendered":"Hist\u00f3rico"},"content":{"rendered":"<div class=\"container section-title-container\" ><h3 class=\"section-title section-title-normal\"><b aria-hidden=\"true\"><\/b><span class=\"section-title-main\" >Hist\u00f3rico<\/span><b aria-hidden=\"true\"><\/b><\/h3><\/div>\n\n\t\t<div class=\"icon-box featured-box icon-box-left text-left\"  >\n\t\t\t\t\t<div class=\"icon-box-img\" style=\"width: 33px\">\n\t\t\t\t<div class=\"icon\">\n\t\t\t\t\t<div class=\"icon-inner\" style=\"color:rgb(221, 132, 74);\">\n\t\t\t\t\t\t<?xml version=\"1.0\" encoding=\"utf-8\"?>\n<!-- Generated by IcoMoon.io -->\n<!DOCTYPE svg PUBLIC \"-\/\/W3C\/\/DTD SVG 1.1\/\/EN\" \"http:\/\/www.w3.org\/Graphics\/SVG\/1.1\/DTD\/svg11.dtd\">\n<svg version=\"1.1\" xmlns=\"http:\/\/www.w3.org\/2000\/svg\" xmlns:xlink=\"http:\/\/www.w3.org\/1999\/xlink\" width=\"20\" height=\"20\" viewBox=\"0 0 20 20\">\n<path fill=\"#000000\" d=\"M17.071 2.929c-1.889-1.889-4.4-2.929-7.071-2.929-3.094 0-5.975 1.425-7.853 3.807v-1.307c0-0.276-0.224-0.5-0.5-0.5s-0.5 0.224-0.5 0.5v2.972c0 0.229 0.155 0.428 0.377 0.485 0.097 0.025 0.195 0.019 0.284-0.011v0l2.853-0.972c0.261-0.089 0.401-0.373 0.312-0.634s-0.373-0.401-0.634-0.312l-1.49 0.508c1.688-2.208 4.32-3.534 7.152-3.534 4.963 0 9 4.037 9 9s-4.037 9-9 9c-3.316 0-6.354-1.815-7.928-4.737-0.131-0.243-0.434-0.334-0.677-0.203s-0.334 0.434-0.203 0.677c1.749 3.246 5.125 5.263 8.809 5.263 2.671 0 5.182-1.040 7.071-2.929s2.929-4.4 2.929-7.071c0-2.671-1.040-5.182-2.929-7.071z\"><\/path>\n<path fill=\"#000000\" d=\"M10 10.5c-0.084 0-0.167-0.021-0.243-0.063l-4.5-2.5c-0.241-0.134-0.328-0.438-0.194-0.68s0.438-0.328 0.68-0.194l4.24 2.355 5.249-3.34c0.233-0.148 0.542-0.080 0.69 0.153s0.080 0.542-0.153 0.69l-5.5 3.5c-0.082 0.052-0.175 0.078-0.268 0.078z\"><\/path>\n<\/svg>\n\t\t\t\t\t<\/div>\n\t\t\t\t<\/div>\n\t\t\t<\/div>\n\t\t\t\t<div class=\"icon-box-text last-reset\">\n\t\t\t<h5 class=\"uppercase\">CAMPINAS<\/h5>\t\t\t\t\t\t\n<p style=\"text-align: justify\"><span style=\"font-weight: 400\">Atrav\u00e9s de parceria com a SES\/SP, inicia-se, em Mar\u00e7o de 2008, a gest\u00e3o da SPDM \u00e0 frente da Unidade de Farm\u00e1cia de Alto Custo de Campinas, que atende a pacientes do Munic\u00edpio de Campinas e Regi\u00e3o.<\/span><\/p>\n\t\t<\/div>\n\t<\/div>\n\t\n\t\n\t<div id=\"gap-965719950\" class=\"gap-element clearfix\" style=\"display:block; height:auto;\">\n\t\t\n<style>\n#gap-965719950 {\n  padding-top: 200px;\n}\n<\/style>\n\t<\/div>\n\t\n","protected":false},"excerpt":{"rendered":"","protected":false},"author":1,"featured_media":0,"parent":0,"menu_order":0,"comment_status":"closed","ping_status":"closed","template":"","meta":{"footnotes":""},"class_list":["post-8069","page","type-page","status-publish","hentry"],"_links":{"self":[{"href":"https:\/\/ceafcampinas.animaker.com.br\/index.php?rest_route=\/wp\/v2\/pages\/8069","targetHints":{"allow":["GET"]}}],"collection":[{"href":"https:\/\/ceafcampinas.animaker.com.br\/index.php?rest_route=\/wp\/v2\/pages"}],"about":[{"href":"https:\/\/ceafcampinas.animaker.com.br\/index.php?rest_route=\/wp\/v2\/types\/page"}],"author":[{"embeddable":true,"href":"https:\/\/ceafcampinas.animaker.com.br\/index.php?rest_route=\/wp\/v2\/users\/1"}],"replies":[{"embeddable":true,"href":"https:\/\/ceafcampinas.animaker.com.br\/index.php?rest_route=%2Fwp%2Fv2%2Fcomments&post=8069"}],"version-history":[{"count":0,"href":"https:\/\/ceafcampinas.animaker.com.br\/index.php?rest_route=\/wp\/v2\/pages\/8069\/revisions"}],"wp:attachment":[{"href":"https:\/\/ceafcampinas.animaker.com.br\/index.php?rest_route=%2Fwp%2Fv2%2Fmedia&parent=8069"}],"curies":[{"name":"wp","href":"https:\/\/api.w.org\/{rel}","templated":true}]}}