{"id":8058,"date":"2019-02-28T19:48:52","date_gmt":"2019-02-28T22:48:52","guid":{"rendered":"http:\/\/hrs.spdmafiliadas.org.br\/?page_id=7293"},"modified":"2019-02-28T19:48:52","modified_gmt":"2019-02-28T22:48:52","slug":"compras-e-editais-v2","status":"publish","type":"page","link":"https:\/\/ceafcampinas.animaker.com.br\/?page_id=8058","title":{"rendered":"Compras e Editais v2"},"content":{"rendered":"\n<div class=\"container section-title-container\" ><h3 class=\"section-title section-title-normal\"><b aria-hidden=\"true\"><\/b><span class=\"section-title-main\" >Compras e Editais<\/span><b aria-hidden=\"true\"><\/b><\/h3><\/div>\n\n<div class=\"row\"  id=\"row-64036651\">\n\n\n\t<div id=\"col-1019843046\" class=\"col small-12 large-12\"  >\n\t\t\t\t<div class=\"col-inner\"  >\n\t\t\t\n\t\t\t\n\n\n\t\t<div class=\"icon-box featured-box icon-box-left text-left\"  >\n\t\t\t\t\t<div class=\"icon-box-img\" style=\"width: 50px\">\n\t\t\t\t<div class=\"icon\">\n\t\t\t\t\t<div class=\"icon-inner\" style=\"color:rgb(221, 132, 74);\">\n\t\t\t\t\t\t\t\t\t\t\t<\/div>\n\t\t\t\t<\/div>\n\t\t\t<\/div>\n\t\t\t\t<div class=\"icon-box-text last-reset\">\n\t\t\t\t\t\t\t\t\t\n\n<h3 style=\"text-align: left\">Para participar dos processos de compras da unidade acesse: <span style=\"font-size: 75%\"><button id=\"bb1\" type=\"button\" value=\"Play\" class=\"responsivevoice-button\" title=\"ResponsiveVoice Tap to Start\/Stop Speech\"><span>&#128266; Ouvir<\/span><\/button>\n        <script>\n            bb1.onclick = function(){\n                if(responsiveVoice.isPlaying()){\n                    responsiveVoice.cancel();\n                }else{\n                    responsiveVoice.speak(\"\u2013 Medicamentos, atrav\u00e9s da aquisi\u00e7\u00e3o via Editais da Secretaria Estadual de Sa\u00fade S\u00e3o Paulo (www.saude.sp.gov.br); \u2013 Material de Escrit\u00f3rio, Material de Higiene, Nutri\u00e7\u00e3o e demais itens, acesse o Portal Eletr\u00f4nico Bionexo (www.bionexo.com.br); Se a sua empresa n\u00e3o for cadastrada no Portal Eletr\u00f4nico Bionexo e deseja mais esclarecimentos sobre como fornecer produtos ou servi\u00e7os para a SPDM, entre em contato conosco pelo e-mail\u00a0compras@spdm.org.br.\u00a0Este endere\u00e7o de e-mail est\u00e1 protegido contra spambots. Voc\u00ea deve habilitar o JavaScript para visualiz\u00e1-lo. Contrata\u00e7\u00e3o de Servi\u00e7os, Produtos e Comodatos. Visualize os editais. Em caso de d\u00favidas contate a gest\u00e3o de contratos no e-mail\u00a0contratos@spdm.org.br.\", \"Brazilian Portuguese Female\");\n                }\n            };\n        <\/script>\n    <\/span><\/h3>\n<article class=\"col2 pad_left1\">\n<div class=\"wrapper pad_bot1\">\n<div class=\"custom\">\n<p style=\"text-align: justify\">\u2013 Medicamentos, atrav\u00e9s da aquisi\u00e7\u00e3o via Editais da Secretaria Estadual de Sa\u00fade S\u00e3o Paulo (<a href=\"http:\/\/www.saude.sp.gov.br\/\">www.saude.sp.gov.br<\/a>);<\/p>\n<p style=\"text-align: justify\">\u2013 Material de Escrit\u00f3rio, Material de Higiene, Nutri\u00e7\u00e3o e demais itens, acesse o Portal Eletr\u00f4nico Bionexo (<a href=\"http:\/\/www.bionexo.com.br\/\">www.bionexo.com.br<\/a>);<\/p>\n<p style=\"text-align: justify\">Se a sua empresa n\u00e3o for cadastrada no Portal Eletr\u00f4nico Bionexo e deseja mais esclarecimentos sobre como fornecer produtos ou servi\u00e7os para a SPDM, entre em contato conosco pelo e-mail\u00a0<a href=\"mailto:compras@spdm.org.br\">compras@spdm.org.br<\/a>.\u00a0Este endere\u00e7o de e-mail est\u00e1 protegido contra spambots. Voc\u00ea deve habilitar o JavaScript para visualiz\u00e1-lo.<\/p>\n<p style=\"text-align: justify\">Contrata\u00e7\u00e3o de Servi\u00e7os, Produtos e Comodatos. Visualize os editais. Em caso de d\u00favidas contate a gest\u00e3o de contratos no e-mail\u00a0<a href=\"mailto:contratos@spdm.org.br\">contratos@spdm.org.br<\/a>.<\/p>\n<p style=\"text-align: justify\"><span style=\"font-size: 14.4px\"><\/span><\/p>\n<\/div>\n<\/div>\n<\/article>\n<p><a href=\"http:\/\/fac.spdmafiliadas.org.br\/wp-content\/uploads\/sites\/10\/2019\/05\/Regulamento-de-Compras-Campinas.pdf\">REGULAMENTO DE COMPRAS CAMPINAS<\/a><\/p>\n\n\t\t<\/div>\n\t<\/div>\n\t\n\t\n\n\t\t<\/div>\n\t\t\t\t\t<\/div>\n\n\t\n\n<\/div>\n\n\n","protected":false},"excerpt":{"rendered":"","protected":false},"author":1,"featured_media":0,"parent":0,"menu_order":0,"comment_status":"closed","ping_status":"closed","template":"","meta":{"footnotes":""},"class_list":["post-8058","page","type-page","status-publish","hentry"],"_links":{"self":[{"href":"https:\/\/ceafcampinas.animaker.com.br\/index.php?rest_route=\/wp\/v2\/pages\/8058","targetHints":{"allow":["GET"]}}],"collection":[{"href":"https:\/\/ceafcampinas.animaker.com.br\/index.php?rest_route=\/wp\/v2\/pages"}],"about":[{"href":"https:\/\/ceafcampinas.animaker.com.br\/index.php?rest_route=\/wp\/v2\/types\/page"}],"author":[{"embeddable":true,"href":"https:\/\/ceafcampinas.animaker.com.br\/index.php?rest_route=\/wp\/v2\/users\/1"}],"replies":[{"embeddable":true,"href":"https:\/\/ceafcampinas.animaker.com.br\/index.php?rest_route=%2Fwp%2Fv2%2Fcomments&post=8058"}],"version-history":[{"count":0,"href":"https:\/\/ceafcampinas.animaker.com.br\/index.php?rest_route=\/wp\/v2\/pages\/8058\/revisions"}],"wp:attachment":[{"href":"https:\/\/ceafcampinas.animaker.com.br\/index.php?rest_route=%2Fwp%2Fv2%2Fmedia&parent=8058"}],"curies":[{"name":"wp","href":"https:\/\/api.w.org\/{rel}","templated":true}]}}